*t**3. Let m be u(1). Calculate o(m).
0
Let k(i) = -2*i**2 + i + 1. Suppose 3*u = 2 - 5. Let o be k(u). Let x(p) be the second derivative of p**3/3 - p**2/2 - 2*p. Calculate x(o).
-5
Let s(i) = 2*i**2 + 10*i - 1. Let d(y) = -y**2 - 5*y. Let k(b) = -7*d(b) - 3*s(b). What is k(-4)?
-1
Let l be ((-8)/(-16))/((-2)/(-2)). Let t(n) be the first derivative of -1 + l*n**2 - 6*n. Give t(3).
-3
Let r(t) = -t**3 - 5*t**2 - 3*t - 2. Let z = 11 + -7. Let q be z/12 - 13/3. What is r(q)?
-6
Let l be (1 + 0)*(-1 - -4). Let c(y) = 5*y**3 - y + 3 - 4*y**l + 8*y + 7*y**2. Give c(-6).
-3
Let m(x) = x**3 - 7*x**2 + x - 4. Let n be m(7). Suppose -n = -3*d + 3. Let s(w) = -w**3 + w**2 - 2*w - 1. What is s(d)?
-9
Let q(l) = 5*l**3 - 5*l**2 + 6*l - 5. Let i(g) = 2*g**3 - 2*g**2 + 3*g - 2. Let d(x) = 7*i(x) - 3*q(x). Let h be (20/(-3))/2 + (-256)/(-192). Give d(h).
7
Let d(b) = 2*b + 1. Let t(a) = 2*a**2 - 7*a + 3. Let u(j) = -3*j**2 + 8*j - 4. Let h(r) = -5*t(r) - 4*u(r). Let m be h(-2). Determine d(m).
7
Let o(i) = -6*i**2 - 3*i - i + 2*i + i - 1. Let n(s) = s**2 + s. Let k(d) = -2*n(d) - o(d). What is k(1)?
4
Let k(y) = y**3 - y**2 + y + 1. Let b(i) = 7*i**3 - 11*i**2 + 9*i + 5. Suppose -5*z = 0, 0 = -o - 4*z - 2 - 4. Let p(h) = o*k(h) + b(h). What is p(3)?
-10
Suppose -9 = -14*m + 11*m. Let h(x) = -2 + 0 + 3 - m*x + 0. Calculate h(-3).
10
Let c be (-6)/12*0/(-1). Let r(k) = -2*k + 4*k - 2 + c*k. Give r(-2).
-6
Let o(b) = -2*b + 11. Let n be o(11). Let f(q) = -q - 12. Calculate f(n).
-1
Let v(p) = p**3 + 5*p**2 + 7*p + 5. Suppose -2*g - 4*b + 2 = -4, -2*g + 6 = -b. Let w = -13 - -13. Suppose g*t + w = -12. Determine v(t).
-7
Suppose 0 = -3*w - 2*t + 8 + 23, -t = -4*w + 34. Suppose 1 = -4*v + w. Let z = -4 + v. Let h(b) = -b**2 + 2*b + 3. Give h(z).
-5
Let b(s) = -s + 5. Let f(g) = g**3 + 11*g**2 + 2*g + 12. Let d = 18 + -29. Let k be f(d). Let a be 4/(-10) - 44/k. Calculate b(a).
1
Let l be (1 - 1)*1 + 9. Suppose 0 = 4*a - v + 6*v - 7, 3*v + l = 2*a. Let p(b) = 2 + 0*b - a*b + 2*b. Determine p(-3).
5
Let t(r) = r**3 + 6*r**2 + 5*r - 3. Suppose 7*w + 20 = 3*w. Give t(w).
-3
Let j(q) be the third derivative of q**8/20160 - q**6/720 + q**5/30 - 5*q**2. Let b(k) be the third derivative of j(k). Calculate b(-2).
3
Let t be (-42)/(-9) + (-1)/(-3). Let u = 18 + -9. Let g(h) = 5*h + 16. Let c(b) = -b - 4. Let m(s) = u*c(s) + 2*g(s). Give m(t).
1
Let a be 2/(-4)*(-84)/6 + -4. Let h(z) = -z**2 + 2*z - 4. What is h(a)?
-7
Let w(l) = -l**2 - 8*l - 4. Let v be w(-7). Suppose -3*m = -5*j + 18, -m + v*m + 8 = 2*j. Let u(t) = -5*t - 4 + 2*t + 7*t. What is u(j)?
8
Let b = 9 + -6. Let u(s) = 10*s + 3 + s - b - 1. What is u(1)?
10
Let w(b) be the first derivative of b**3/6 - 3*b**2/2 - 7*b - 5. Let i(v) be the first derivative of w(v). Give i(6).
3
Let m(t) = t**3 - 14*t**2 - 2*t + 34. Let a be m(14). Let o(x) = -x**3 + 6*x**2 - 3*x + 9. Determine o(a).
-9
Let c be 4/8 - 18/(-4). Let w(t) be the second derivative of -t**4/12 + t**3/2 - t**2/2 - 3*t. Calculate w(c).
-11
Let u = 5 + -1. Let m(f) = u*f - 1 - 2 - 5*f. Calculate m(0).
-3
Let s(n) = -n**2 - 3*n - 3. Let u(b) = 2*b - 3. Let f be u(2). Suppose -9 = 4*w - f. What is s(w)?
-1
Suppose -y - 6 = -4*y. Let s(i) = 24*i**y + 6*i - 1 - 25*i**2 - 1. Suppose 4*d - 5*k - 26 = 0, 3*k = -4*d + 4 + 6. What is s(d)?
6
Let l(h) = h**2 - h - 10. Let n be l(0). Let x = n + 11. Let m(a) = 6*a + 1. Calculate m(x).
7
Let y(x) = x + 8. Suppose 8*f - 20 - 28 = 0. Determine y(f).
14
Suppose s = -3*s - 12. Let d(q) = -q**2 - 4*q + 1. What is d(s)?
4
Let m(l) = l**3 - 7*l**2 + l - 5. Let r be m(7). Let o(d) be the third derivative of -1/24*d**4 + r*d**2 - 1/6*d**3 + 0 + 0*d. Give o(-2).
1
Let j(v) = 3*v**3 - 2*v - 3. Let g(k) = 1. Let b(d) = -4*g(d) - j(d). Let f be (-40)/(-32) + 1/(-4). Give b(f).
-2
Let l be 1*((-6)/2 + 2)*0. Let a(o) be the second derivative of -o**3/6 - 3*o**2 - o. Calculate a(l).
-6
Let b(v) = -v - 4. Let k = 5 + -5. Give b(k).
-4
Suppose 2*m + 6 = 2. Let p(v) = 7*v**3 + v**2 + 3*v - 4. Let q(w) = -w**3 - w + 1. Let r(l) = p(l) + 5*q(l). Calculate r(m).
-7
Suppose 0 = i + 7*i. Let c(b) = -b**3 - b**2 - b + 7. Give c(i).
7
Let a(t) = t**2 + 10*t + 12. Suppose 44 = -6*p - 4. Determine a(p).
-4
Let x(v) be the third derivative of 0*v - 1/120*v**6 - 5/24*v**4 + 2/3*v**3 + 0 - 2*v**2 + 1/15*v**5. Let o(h) = 2*h**2 - 4*h + 3. Let y be o(2). Give x(y).
-2
Let z(b) = -b + 5. Let f(l) = 2*l - 6. Let k(m) = -2*f(m) - 3*z(m). Let p = 23 - 11. Let s be 2*(-3)/p*0. Calculate k(s).
-3
Let s(o) = -o**3 - 3*o**2. Suppose b - 2 = 3. Let f(r) = -r**3 - 5*r**2 - r + 4. Let d be f(-4). Let a = b + d. Give s(a).
0
Let f(m) = -75*m - 6 + 1 + 0 + 76*m. Calculate f(6).
1
Let b(l) = -l - 5. Let i = 0 - -3. Suppose -4*c + 5*g = -23, 0 = -9*c + 4*c + i*g + 19. Suppose 10 = 3*r - k + 2, -r + c*k = 4. Calculate b(r).
-9
Suppose -n + 16 = 3*n. Suppose -8 = 3*v + n. Let j(u) = u**2 + 4*u + 2. Calculate j(v).
2
Let n(q) = -q**3 - 6*q**2 + q + 5. Let k(g) = -g**3 + 2*g + 1. Let w be k(-1). Let y = w - 6. What is n(y)?
-1
Let x be (-2 - 1)/3*0. Suppose 0 = -4*p - x*p + 20. Let r(k) = k**3 - 5*k**2 - 2*k + 3. Determine r(p).
-7
Suppose 12*s - 16*s - 36 = 0. Let w(x) = -x**3 - 10*x**2 - 10*x - 11. Give w(s).
-2
Let o be -1*(5 - 10/1). Let m(j) be the third derivative of j**4/12 - j**3/2 - 2*j**2. What is m(o)?
7
Suppose 2 = 2*x - x. Let u be (-2)/9 - (-4)/18. Let j(f) = 4*f + u*f + 0*f + 1. Determine j(x).
9
Suppose -1 = -3*m - 4. Let w(t) = -4*t**3 + 4*t**2 - 5*t + 1. Let h(v) = -v**3 - v + 1. Let p(j) = m*w(j) + 3*h(j). Give p(3).
-1
Let b(d) = -d**2 + d - 1. Let x(h) = 5*h**2 - h - 1. Let z(t) = -4*b(t) - x(t). Give z(-4).
1
Let r be (-252)/(-35) + 8/10. Let g(k) = -k + 11. Calculate g(r).
3
Suppose -4*s = -3*k + 4, -5*k - s - 2 = s. Let l(z) be the second derivative of 3*z - 3*z**2 + 0 + 1/6*z**3. Determine l(k).
-6
Let y(q) = -2*q**2 - 21*q - 2. Let j(c) = -c**2 - 11*c - 1. Let s(f) = -7*j(f) + 4*y(f). Let z = -25 + 18. Determine s(z).
-1
Let i(b) = b**2 - 5*b - 1. Suppose -5*g + 85 = -5. Suppose o - 4*o + g = 0. Determine i(o).
5
Let p(s) = -13 + s + 2*s + 15. Determine p(3).
11
Let d(f) = -f**2 - 3*f - 6. Let g(c) = -c**2 + 12*c - 4. Let j be g(12). What is d(j)?
-10
Let t(u) = -2*u + 11. Let r(w) = w - 5. Suppose -b - 8 = -y - y, 3*y - 21 = 3*b. Let q(v) = b*t(v) - 13*r(v). Suppose -4 = -d + 1. Give q(d).
-6
Let i(l) = -3*l. Let d(p) = -15*p**3 - p - 1. Let q be d(-1). Suppose 8*x = 3*x + q. Suppose -4*v - x*y = -8*v - 8, 0 = 3*y. What is i(v)?
6
Let i(j) = -3*j + 3*j**2 - 2*j**2 - 23 + 24. Let g(k) = -k - 9. Let o be g(-11). What is i(o)?
-1
Let h(z) be the first derivative of -z**6/360 - z**5/24 + z**4/6 + 7*z**3/3 - 1. Let g(p) be the third derivative of h(p). Calculate g(-5).
4
Let y(v) = -4*v**3 - 7*v**2 + 5*v. Let b(w) = 3*w**3 + 7*w**2 - 4*w + 1. Let n(c) = 5*b(c) + 4*y(c). Give n(7).
5
Let p(r) = 2 - 4 - 4 - 1 + r**2 + 5*r. What is p(-6)?
-1
Let o(z) = z**3 + z + 1. Let g(d) = -4*d**3 - 7*d**2 - 11*d - 14. Let h(l) = g(l) + 5*o(l). Calculate h(8).
7
Let w be 7/(196/8) + (-26)/(-7). Let h(c) be the first derivative of -2*c**3 - 5*c - 7/2*c**2 + w - 1/4*c**4. Calculate h(-4).
-9
Let v(q) = q**3 + 5*q**2 - q - 4. Suppose 0 = -m - f + 5, 0 = -2*m - 0*m - f + 10. Let j be 0 + 0 + 0/(-6). Let n = j - m. What is v(n)?
1
Suppose 0 = 6*b - 13 + 1. Let t(p) = -p**3 + p**2 - 2*p + 3. Calculate t(b).
-5
Let p = 8 - 6. Suppose 2*z = -0*z + 2*r - 20, 5*z + p*r + 22 = 0. Let h(l) = -l**2 - 4*l + 7. Calculate h(z).
-5
Let w(y) be the second derivative of -5*y**3/6 + y**2 - y. Let u be (3*(0 + -1))/(-1). What is w(u)?
-13
Let k(b) be the first derivative of -b**4/2 + 2*b**3/3 + 3*b**2/2 - 3*b - 11. Let d(o) = o**3 + o + 2. Let q be d(0). What is k(q)?
-5
Let y(s) = -s**3 - 4*s**2 - 3*s - 4. Let t be y(-4). Suppose -3*b + t = l, -6*l + 3*b + 12 = -3*l. Let i(x) = -1 - 6 + 0 + x. What is i(l)?
-2
Let v(q) = -60*q + 19*q + 24*q - 1 + 18*q. Give v(2).
1
Let z(q) be the first derivative of q**3/3 - 7*q**2/2 + 6*q + 1. Suppose -5*y + 11 = -4. Let b = 2 + y. Calculate z(b).
-4
Let c(v) be the third derivative of -v**6/120 - v**5/30 + v**4/6 - v**3/6 + 4*v**2. Let w be c(-3). Let r(j) = -2*j + 1. What is r(w)?
9
Let x(b) = 2*b + 9*b**2 + 3 - 7*b**2 - 2. Let h(z) = -3 - 